{"entities":{"Q70":{"pageid":306,"ns":120,"title":"Item:Q70","lastrevid":3128,"modified":"2025-06-07T07:36:36Z","type":"item","id":"Q70","labels":{"en":{"language":"en","value":"green"},"sk":{"language":"sk","value":"zelen\u00e1"},"fr":{"language":"fr","value":"vert"},"hu":{"language":"hu","value":"z\u00f6ld"},"pl":{"language":"pl","value":"barwa zielona"},"nl":{"language":"nl","value":"groen"},"de":{"language":"de","value":"Gr\u00fcn"},"lt":{"language":"lt","value":"\u017ealia"},"lv":{"language":"lv","value":"za\u013c\u0101 kr\u0101sa"},"et":{"language":"et","value":"roheline"},"es":{"language":"es","value":"verde"},"fi":{"language":"fi","value":"vihre\u00e4"},"se":{"language":"se","value":"ruon\u00e1"},"liv":{"language":"liv","value":"green"}},"descriptions":{"en":{"language":"en","value":"additive primary color, visible between blue and yellow"},"sk":{"language":"sk","value":"z\u00e1kladn\u00e1 farba spektra"},"fr":{"language":"fr","value":"couleur"},"hu":{"language":"hu","value":"sz\u00edn"},"pl":{"language":"pl","value":"kolor pomi\u0119dzy \u017c\u00f3\u0142tym a niebieskim"},"nl":{"language":"nl","value":"kleur"},"de":{"language":"de","value":"Farbe"},"es":{"language":"es","value":"color primario aditivo visible entre cian y amarillo"},"fi":{"language":"fi","value":"v\u00e4ri"}},"aliases":{},"claims":{"P1":[{"mainsnak":{"snaktype":"value","property":"P1","hash":"359dbc1997ecef88d574265b042ba172192fe3d2","datavalue":{"value":"Q3133","type":"string"},"datatype":"external-id"},"type":"statement","id":"Q70$6057229C-61A9-4B1A-9FA3-B367ACBF0422","rank":"normal"}],"P3":[{"mainsnak":{"snaktype":"value","property":"P3","hash":"26e6f3b109824fad9aece2bd5163aee02077bcb4","datavalue":{"value":{"entity-type":"item","numeric-id":61,"id":"Q61"},"type":"wikibase-entityid"},"datatype":"wikibase-item"},"type":"statement","id":"Q70$6B787B25-7A6F-4ABF-9E6A-D4ED028CC277","rank":"normal"}]},"sitelinks":{}}}}

zelená

zöld

Grün

žalia

zaļā krāsa

vihreä

ruoná

základná farba spektra

szín

kolor pomiędzy żółtym a niebieskim

väri
