{"entities":{"Q521":{"pageid":833,"ns":120,"title":"Item:Q521","lastrevid":3850,"modified":"2025-06-09T10:26:02Z","type":"item","id":"Q521","labels":{"en":{"language":"en","value":"Europe Collection (Museum of Ethnography, Hungary)"},"hu":{"language":"hu","value":"Eur\u00f3pa-gy\u0171jtem\u00e9ny"}},"descriptions":{"en":{"language":"en","value":"The Europe Collection was one of the first to be ordained a permanent presence by the museum. During the 19th century, fieldwork in ethnography in Hungary tended to concentrate on the Finno-Ugric peoples, groups ethnically related to the Hungarians. With the turn of the 20th century, however, a new emphasis was placed on national groups living in or near the territory of the Austro-Hungarian Monarchy."},"hu":{"language":"hu","value":"Az Eur\u00f3pa-gy\u0171jtem\u00e9ny a N\u00e9prajzi M\u00fazeum egyik legkor\u00e1bban \"l\u00e9trej\u00f6tt\" gy\u0171jtem\u00e9ny\u00e9nek tekinthet\u0151. A f\u0151k\u00e9nt a finnugor rokon n\u00e9pek anyag\u00e1ra \u00f6sszpontos\u00edt\u00f3 19. sz\u00e1zadi t\u00e1rgygy\u0171jt\u00e9s mellett a 20. sz\u00e1zad elej\u00e9t\u0151l nagy hangs\u00falyt kapott az Osztr\u00e1k-Magyar Monarchi\u00e1ban, illetve az annak vonz\u00e1sk\u00f6r\u00e9be tartoz\u00f3 ter\u00fcleteken \u00e9l\u0151 nemzetis\u00e9gek t\u00e1rgyainak gy\u0171jt\u00e9se. Ezt eg\u00e9sz\u00edtett\u00e9k ki az \u00c9szak- \u00e9s Nyugat-Eur\u00f3p\u00e1b\u00f3l sz\u00e1rmaz\u00f3 t\u00e1rgyak."}},"aliases":{},"claims":{"P3":[{"mainsnak":{"snaktype":"value","property":"P3","hash":"b87219e056002a43bf8ec0215bc8e723461ca134","datavalue":{"value":{"entity-type":"item","numeric-id":43,"id":"Q43"},"type":"wikibase-entityid"},"datatype":"wikibase-item"},"type":"statement","id":"Q521$3e4244fe-4cee-ed27-dced-86adf1fa3964","rank":"normal"}],"P65":[{"mainsnak":{"snaktype":"value","property":"P65","hash":"655676aa5ca39dac63ada71cfb54a2c6cb0e03b8","datavalue":{"value":{"entity-type":"item","numeric-id":280,"id":"Q280"},"type":"wikibase-entityid"},"datatype":"wikibase-item"},"type":"statement","id":"Q521$cd04b8f4-4617-d0d9-7ebc-d6face86bd4e","rank":"normal"}]},"sitelinks":{}}}}

Európa-gyűjtemény

Az Európa-gyűjtemény a Néprajzi Múzeum egyik legkorábban "létrejött" gyűjteményének tekinthető. A főként a finnugor rokon népek anyagára összpontosító 19. századi tárgygyűjtés mellett a 20. század elejétől nagy hangsúlyt kapott az Osztrák-Magyar Monarchiában, illetve az annak vonzáskörébe tartozó területeken élő nemzetiségek tárgyainak gyűjtése. Ezt egészítették ki az Észak- és Nyugat-Európából származó tárgyak.
