{"entities":{"Q31":{"pageid":61,"ns":120,"title":"Item:Q31","lastrevid":113,"modified":"2025-03-03T10:45:48Z","type":"item","id":"Q31","labels":{"en":{"language":"en","value":"ethnonym"},"hu":{"language":"hu","value":"n\u00e9pcsoport neve"},"et":{"language":"et","value":"etnon\u00fc\u00fcm"},"nl":{"language":"nl","value":"etnoniem"},"fi":{"language":"fi","value":"etnonyymi"},"lt":{"language":"lt","value":"etnonimas"},"lv":{"language":"lv","value":"etnon\u012bms"},"fr":{"language":"fr","value":"ethnonyme"},"ru":{"language":"ru","value":"\u044d\u0442\u043d\u043e\u043d\u0438\u043c"},"de":{"language":"de","value":"Ethnonym"},"sk":{"language":"sk","value":"ethnonym"},"se":{"language":"se","value":"ethnonym"}},"descriptions":{"en":{"language":"en","value":"name of an ethnic group"},"fi":{"language":"fi","value":"etnisen ryhm\u00e4n nimitys"},"ru":{"language":"ru","value":"\u043d\u0430\u0437\u0432\u0430\u043d\u0438\u044f \u043d\u0430\u0446\u0438\u0439, \u043d\u0430\u0440\u043e\u0434\u043e\u0432, \u043d\u0430\u0440\u043e\u0434\u043d\u043e\u0441\u0442\u0435\u0439, \u043f\u043b\u0435\u043c\u0451\u043d, \u043f\u043b\u0435\u043c\u0435\u043d\u043d\u044b\u0445 \u0441\u043e\u044e\u0437\u043e\u0432 \u0438 \u0442\u043e\u043c\u0443 \u043f\u043e\u0434\u043e\u0431\u043d\u043e\u0435"}},"aliases":{},"claims":{"P3":[{"mainsnak":{"snaktype":"value","property":"P3","hash":"dbc3785c2232ac2a59c46473ae96a11926190f7a","datavalue":{"value":"Q1137656","type":"string"},"datatype":"external-id"},"type":"statement","id":"Q31$90A20208-CFA6-4C7B-BB68-4C9504582224","rank":"normal"}]},"sitelinks":{}}}}

népcsoport neve

etnonüüm

etnonīms

этноним

etnisen ryhmän nimitys

названия наций, народов, народностей, племён, племенных союзов и тому подобное
