{"entities":{"Q1538":{"pageid":1542,"ns":120,"title":"Item:Q1538","lastrevid":5832,"modified":"2024-11-19T14:42:18Z","type":"item","id":"Q1538","labels":{"en":{"language":"en","value":"municipality"},"ru":{"language":"ru","value":"\u043c\u0443\u043d\u0438\u0446\u0438\u043f\u0430\u043b\u0438\u0442\u0435\u0442"},"nl":{"language":"nl","value":"gemeente"},"hu":{"language":"hu","value":"k\u00f6zs\u00e9g"},"lv":{"language":"lv","value":"pa\u0161vald\u012bba"},"sk":{"language":"sk","value":"obec"},"lt":{"language":"lt","value":"savivaldyb\u0117"},"et":{"language":"et","value":"omavalitsus\u00fcksus"},"de":{"language":"de","value":"Gemeinde"},"fr":{"language":"fr","value":"municipalit\u00e9"},"pt":{"language":"pt","value":"Municipalidade"},"es":{"language":"es","value":"municipio"}},"descriptions":{"en":{"language":"en","value":"administrative division having corporate status and usually powers of self-government or jurisdiction"},"ru":{"language":"ru","value":"\u0430\u0434\u043c\u0438\u043d\u0438\u0441\u0442\u0440\u0430\u0442\u0438\u0432\u043d\u043e-\u0442\u0435\u0440\u0440\u0438\u0442\u043e\u0440\u0438\u0430\u043b\u044c\u043d\u0430\u044f \u0435\u0434\u0438\u043d\u0438\u0446\u0430"},"nl":{"language":"nl","value":"grondgebied en staatkundig bestuurlijke eenheid met wetgevende bevoegdheid"},"hu":{"language":"hu","value":"a k\u00f6zigazgat\u00e1si rendszer ter\u00fcleti \u00e9s szervezeti alapegys\u00e9ge sok orsz\u00e1gban"},"lv":{"language":"lv","value":"pils\u0113ta vai cita veida administrat\u012bva teritorija ar pa\u0161p\u0101rvaldes ties\u012bb\u0101m"},"sk":{"language":"sk","value":"\u00fazemnospr\u00e1vna jednotka verejnej spr\u00e1vy"},"et":{"language":"et","value":"territoriaal\u00fcksus, mille piires teostatakse kohalikku omavalitsust"},"de":{"language":"de","value":"r\u00e4umlich-administrative Verwaltungseinheit in einem Staat"},"fr":{"language":"fr","value":"entit\u00e9 territoriale administrative ayant une personnalit\u00e9 juridique et qui habituellement exerce un pouvoir ex\u00e9cutif local et r\u00e9glemente le territoire et ses services qu'elle administre elle-m\u00eame"},"pt":{"language":"pt","value":"divis\u00e3o administrativa formado pela cidade e as zonas rurais e que possui um governo pr\u00f3prio"},"es":{"language":"es","value":"divisi\u00f3n administrativa"}},"aliases":{},"claims":{"P89":[{"mainsnak":{"snaktype":"value","property":"P89","hash":"eeedbb31cdb5ac5170f3160a009380d3e4ba8531","datavalue":{"value":"Q15284","type":"string"},"datatype":"external-id"},"type":"statement","id":"Q1538$AC1360EB-7BAC-42D9-98D9-3C35D64EDDD5","rank":"normal"}]},"sitelinks":{}}}}

муниципалитет

község

pašvaldība

savivaldybė

omavalitsusüksus

municipalité

административно-территориальная единица

a közigazgatási rendszer területi és szervezeti alapegysége sok országban

pilsēta vai cita veida administratīva teritorija ar pašpārvaldes tiesībām

územnosprávna jednotka verejnej správy

territoriaalüksus, mille piires teostatakse kohalikku omavalitsust

räumlich-administrative Verwaltungseinheit in einem Staat

entité territoriale administrative ayant une personnalité juridique et qui habituellement exerce un pouvoir exécutif local et réglemente le territoire et ses services qu'elle administre elle-même

divisão administrativa formado pela cidade e as zonas rurais e que possui um governo próprio

división administrativa
