{"entities":{"Q1152":{"pageid":1161,"ns":120,"title":"Item:Q1152","lastrevid":3899,"modified":"2024-10-16T20:28:57Z","type":"item","id":"Q1152","labels":{"en":{"language":"en","value":"children's choir"},"ru":{"language":"ru","value":"\u0414\u0435\u0442\u0441\u043a\u0438\u0439 \u0445\u043e\u0440"},"nl":{"language":"nl","value":"kinderkoor"},"hu":{"language":"hu","value":"gyermekk\u00f3rus"},"lv":{"language":"lv","value":"b\u0113rnu koris"},"et":{"language":"et","value":"lastekoor"},"de":{"language":"de","value":"Kinderchor"},"fr":{"language":"fr","value":"ch\u0153ur d'enfants"},"pt":{"language":"pt","value":"coro infantil"},"es":{"language":"es","value":"coro infantil"},"sk":{"language":"sk","value":"children's choir"},"lt":{"language":"lt","value":"children's choir"}},"descriptions":{"en":{"language":"en","value":"choir of children"},"de":{"language":"de","value":"Werk oder Typ einer Singgemeinschaft"},"fr":{"language":"fr","value":"ensemble vocal d'enfants ou d'adolescents"},"pt":{"language":"pt","value":"coro composto por crian\u00e7as e jovens pr\u00e9-adolescentes"},"es":{"language":"es","value":"coro compuesto por ni\u00f1os o j\u00f3venes preadolescentes"}},"aliases":{},"claims":{"P89":[{"mainsnak":{"snaktype":"value","property":"P89","hash":"3b23c1f9e5c1096f2c8e495f6cbb4617cbff6e05","datavalue":{"value":"Q1753063","type":"string"},"datatype":"external-id"},"type":"statement","id":"Q1152$14B2F18E-7C69-4C54-B3F3-6F278925C756","rank":"normal"}],"P115":[{"mainsnak":{"snaktype":"value","property":"P115","hash":"835bc33bd367a8e88afc41cadb41c904a320b7b4","datavalue":{"value":{"entity-type":"item","numeric-id":132,"id":"Q132"},"type":"wikibase-entityid"},"datatype":"wikibase-item"},"type":"statement","id":"Q1152$7A6FD4E7-D660-4934-8D98-7869AEA70500","rank":"normal"}]},"sitelinks":{}}}}

Детский хор

gyermekkórus

bērnu koris

chœur d'enfants

coro composto por crianças e jovens pré-adolescentes

coro compuesto por niños o jóvenes preadolescentes
