{"entities":{"P52":{"pageid":41,"ns":122,"title":"Property:P52","lastrevid":102,"modified":"2024-09-25T17:26:01Z","type":"property","datatype":"external-id","id":"P52","labels":{"en":{"language":"en","value":"Europeana entity"},"nl":{"language":"nl","value":"Europeana Entity-identificatiecode"},"de":{"language":"de","value":"Europeana-Kennung"},"ru":{"language":"ru","value":"\u0441\u0443\u0449\u043d\u043e\u0441\u0442\u044c \u0432 Europeana"},"bg":{"language":"bg","value":"Europeana ID"},"fr":{"language":"fr","value":"Europeana Entity"},"es":{"language":"es","value":"Europeana Entity"},"pt":{"language":"pt","value":"Entidade Europeana"},"fi":{"language":"fi","value":"Europeana Entity"},"pl":{"language":"pl","value":"identyfikator Europeany"},"ro":{"language":"ro","value":"Europeana Entity"},"hu":{"language":"hu","value":"Europeana entity"},"lv":{"language":"lv","value":"Europeana entity"},"sk":{"language":"sk","value":"Europeana entity"},"et":{"language":"et","value":"Europeana entity"},"lt":{"language":"lt","value":"Europeana entity"},"cs":{"language":"cs","value":"Europeana entity"}},"descriptions":{"en":{"language":"en","value":"identifier for persons, places and topics at Europeana"},"de":{"language":"de","value":"Identifikator f\u00fcr Personen, Orte und Themen bei Europeana"},"ru":{"language":"ru","value":"\u0438\u0434\u0435\u043d\u0442\u0438\u0444\u0438\u043a\u0430\u0442\u043e\u0440 \u0434\u043b\u044f \u043b\u0438\u0446, \u043c\u0435\u0441\u0442 \u0438 \u0442\u0435\u043c \u0432 Europeana"},"bg":{"language":"bg","value":"\u0418\u0434\u0435\u043d\u0442\u0438\u0444\u0438\u043a\u0430\u0442\u043e\u0440 \u0432 Europeana \u0437\u0430 \u0447\u043e\u0432\u0435\u043a, \u043c\u044f\u0441\u0442\u043e \u0438\u043b\u0438 \u0442\u0435\u043c\u0430"},"fr":{"language":"fr","value":"code de la biblioth\u00e9que num\u00e9rique Europeana"},"es":{"language":"es","value":"identificador de personas, lugares y temas en Europeana"},"pt":{"language":"pt","value":"identificador para pessoas, locais, t\u00f3picos e organizac\u00f5es da Europeana"},"pl":{"language":"pl","value":"identyfikator os\u00f3b, miejsc i temat\u00f3w w Europeanie"}},"aliases":{},"claims":{"P5":[{"mainsnak":{"snaktype":"value","property":"P5","hash":"bcf96ed0c24804ce4959cb1958dc8f59690f7874","datavalue":{"value":"P7704","type":"string"},"datatype":"string"},"type":"statement","id":"P52$DC6E52AE-40B4-476A-8D2D-407FF32A4147","rank":"normal"}]}}}}

сущность в Europeana

Identifikator für Personen, Orte und Themen bei Europeana

идентификатор для лиц, мест и тем в Europeana

Идентификатор в Europeana за човек, място или тема

code de la bibliothéque numérique Europeana

identificador para pessoas, locais, tópicos e organizacões da Europeana

identyfikator osób, miejsc i tematów w Europeanie
