{"entities":{"P33":{"pageid":28,"ns":122,"title":"Property:P33","lastrevid":76,"modified":"2024-09-25T17:10:42Z","type":"property","datatype":"time","id":"P33","labels":{"en":{"language":"en","value":"date of death"},"nl":{"language":"nl","value":"overlijdensdatum"},"de":{"language":"de","value":"Sterbedatum"},"ru":{"language":"ru","value":"\u0434\u0430\u0442\u0430 \u0441\u043c\u0435\u0440\u0442\u0438"},"bg":{"language":"bg","value":"\u0434\u0430\u0442\u0430 \u043d\u0430 \u0441\u043c\u044a\u0440\u0442"},"hu":{"language":"hu","value":"hal\u00e1loz\u00e1si id\u0151"},"lv":{"language":"lv","value":"mir\u0161anas datums"},"sk":{"language":"sk","value":"d\u00e1tum \u00famrtia"},"et":{"language":"et","value":"surmakuup\u00e4ev"},"fr":{"language":"fr","value":"date de mort"},"es":{"language":"es","value":"fecha de fallecimiento"},"pt":{"language":"pt","value":"data de morte"},"lt":{"language":"lt","value":"mirties data"},"fi":{"language":"fi","value":"kuolinaika"},"pl":{"language":"pl","value":"data \u015bmierci"},"cs":{"language":"cs","value":"datum \u00famrt\u00ed"},"ro":{"language":"ro","value":"data decesului"}},"descriptions":{"en":{"language":"en","value":"date on which the subject died"},"nl":{"language":"nl","value":"datum waarop de persoon is overleden"},"de":{"language":"de","value":"Datum, an dem eine Person verstarb"},"ru":{"language":"ru","value":"\u0434\u0435\u043d\u044c, \u043c\u0435\u0441\u044f\u0446, \u0433\u043e\u0434, \u0432 \u043a\u043e\u0442\u043e\u0440\u044b\u0439 \u0441\u0443\u0431\u044a\u0435\u043a\u0442 \u0443\u043c\u0435\u0440"},"bg":{"language":"bg","value":"\u0434\u0430\u0442\u0430, \u043a\u043e\u0433\u0430\u0442\u043e \u043b\u0438\u0446\u0435\u0442\u043e \u0435 \u043f\u043e\u0447\u0438\u043d\u0430\u043b\u043e"},"hu":{"language":"hu","value":"a hal\u00e1l bek\u00f6vetkezt\u00e9nek id\u0151pontja (min\u0151s\u00edt\u0151vel lehet megadni bizonytalans\u00e1gi t\u00e9nyez\u0151t)"},"lv":{"language":"lv","value":"datums, kur\u0101 subjekts miris"},"fr":{"language":"fr","value":"date \u00e0 laquelle le sujet est mort"},"es":{"language":"es","value":"fecha en la cual falleci\u00f3 el sujeto"},"pt":{"language":"pt","value":"data em que o sujeito morreu"},"lt":{"language":"lt","value":"data, kai subjektas mir\u0117"},"fi":{"language":"fi","value":"p\u00e4iv\u00e4m\u00e4\u00e4r\u00e4, jolloin aihe kuoli"},"pl":{"language":"pl","value":"data kiedy osoba zmar\u0142a"},"cs":{"language":"cs","value":"datum, kdy dan\u00e1 osoba zem\u0159ela"},"ro":{"language":"ro","value":"data la care subiectul a decedat"}},"aliases":{},"claims":{"P5":[{"mainsnak":{"snaktype":"value","property":"P5","hash":"d094f310fbc463c05561637d48f6da4bd806c072","datavalue":{"value":"P570","type":"string"},"datatype":"string"},"type":"statement","id":"P33$5C5A692C-4329-4FFD-BCBD-8061A7D70048","rank":"normal"}]}}}}

дата смерти

дата на смърт

halálozási idő

miršanas datums

dátum úmrtia

surmakuupäev

data śmierci

datum úmrtí

день, месяц, год, в который субъект умер

дата, когато лицето е починало

a halál bekövetkeztének időpontja (minősítővel lehet megadni bizonytalansági tényezőt)

datums, kurā subjekts miris

date à laquelle le sujet est mort

fecha en la cual falleció el sujeto

data, kai subjektas mirė

päivämäärä, jolloin aihe kuoli

data kiedy osoba zmarła

datum, kdy daná osoba zemřela
