{"entities":{"Q42":{"pageid":70,"ns":120,"title":"Item:Q42","lastrevid":153,"modified":"2024-09-25T18:59:51Z","type":"item","id":"Q42","labels":{"en":{"language":"en","value":"deceased person"},"ru":{"language":"ru","value":"\u043c\u0451\u0440\u0442\u0432\u0430\u044f \u043f\u0435\u0440\u0441\u043e\u043d\u0430"},"nl":{"language":"nl","value":"dood persoon"},"hu":{"language":"hu","value":"halott szem\u00e9ly"},"et":{"language":"et","value":"Surnu"},"de":{"language":"de","value":"tote Person"},"fr":{"language":"fr","value":"personne morte"},"es":{"language":"es","value":"persona fallecida"},"lv":{"language":"lv","value":"dead human"},"sk":{"language":"sk","value":"dead human"},"lt":{"language":"lt","value":"dead human"},"pt":{"language":"pt","value":"dead human"}},"descriptions":{"en":{"language":"en","value":"human who is dead"},"nl":{"language":"nl","value":"Persoon dat overleden is."},"de":{"language":"de","value":"Mensch, der tot ist"},"fr":{"language":"fr","value":"humain d\u00e9c\u00e9d\u00e9"},"es":{"language":"es","value":"ser humano sin vida"},"hu":{"language":"hu","value":"egy ember aki m\u00e1r nem \u00e9l"}},"aliases":{"en":[{"language":"en","value":"dead human"}],"hu":[{"language":"hu","value":"halott ember"}]},"claims":{"P2":[{"mainsnak":{"snaktype":"value","property":"P2","hash":"44c11d9ab91c8c3cf203033599eebcb8d1be97ce","datavalue":{"value":{"entity-type":"item","numeric-id":5,"id":"Q5"},"type":"wikibase-entityid"},"datatype":"wikibase-item"},"type":"statement","id":"Q42$5992ecb6-4fb1-714c-b645-e7423efdba2a","rank":"normal"}],"P89":[{"mainsnak":{"snaktype":"value","property":"P89","hash":"f5fb3d9601db1706576bce3ad17455ec45cf82ef","datavalue":{"value":"Q18093576","type":"string"},"datatype":"external-id"},"type":"statement","id":"Q42$813b6eeb-4024-0ca8-b0a0-1c2d29cdf9a5","rank":"normal"}]},"sitelinks":{}},"P17":{"pageid":22,"ns":122,"title":"Property:P17","lastrevid":64,"modified":"2024-09-25T17:07:39Z","type":"property","datatype":"wikibase-item","id":"P17","labels":{"en":{"language":"en","value":"given name"},"nl":{"language":"nl","value":"voornaam"},"de":{"language":"de","value":"Vorname"},"ru":{"language":"ru","value":"\u043b\u0438\u0447\u043d\u043e\u0435 \u0438\u043c\u044f"},"bg":{"language":"bg","value":"\u0441\u043e\u0431\u0441\u0442\u0432\u0435\u043d\u043e \u0438\u043c\u0435"},"hu":{"language":"hu","value":"ut\u00f3n\u00e9v"},"lv":{"language":"lv","value":"priek\u0161v\u0101rds"},"sk":{"language":"sk","value":"krstn\u00e9 meno"},"et":{"language":"et","value":"eesnimi"},"fr":{"language":"fr","value":"pr\u00e9nom"},"es":{"language":"es","value":"nombre de pila"},"pt":{"language":"pt","value":"primeiro nome"},"lt":{"language":"lt","value":"duotas vardas"},"fi":{"language":"fi","value":"etunimi"},"pl":{"language":"pl","value":"imi\u0119"},"cs":{"language":"cs","value":"rodn\u00e9 jm\u00e9no"},"ro":{"language":"ro","value":"prenume"}},"descriptions":{"en":{"language":"en","value":"first name or another given name of this person; values used with the property should not link disambiguations nor family names"},"nl":{"language":"nl","value":"een van de voornamen van een persoon; de eerste naam krijgt volgnummer 1"},"de":{"language":"de","value":"Vornamen der Person"},"ru":{"language":"ru","value":"\u043f\u0435\u0440\u0432\u043e\u0435 \u0438\u043c\u044f \u043f\u0435\u0440\u0441\u043e\u043d\u044b"},"hu":{"language":"hu","value":"a csal\u00e1d tagjainak egym\u00e1st\u00f3l val\u00f3 megk\u00fcl\u00f6nb\u00f6ztet\u00e9s\u00e9re szolg\u00e1l\u00f3 n\u00e9v"},"lv":{"language":"lv","value":"personas v\u0101rds"},"fr":{"language":"fr","value":"nom individuel d'une personne ; les valeurs utilis\u00e9es avec cette propri\u00e9t\u00e9 ne devraient pas \u00eatre li\u00e9es \u00e0 des pages d'homonymie ni \u00e0 des noms de famille"},"es":{"language":"es","value":"nombre de pila de una persona"},"pt":{"language":"pt","value":"primeiro nome ou outro nome pr\u00f3prio desta pessoa; os valores usados \u200b\u200bcom a propriedade n\u00e3o devem vincular desambigua\u00e7\u00e3o nem sobrenomes"},"lt":{"language":"lt","value":"asmens vardas"},"fi":{"language":"fi","value":"henkil\u00f6n etunimi"},"pl":{"language":"pl","value":"imi\u0119 lub imiona osoby [w przypadku dw\u00f3ch lub wi\u0119cej imion, oznacz ich kolejno\u015b\u0107 przy pomocy kwalifikatora P1545]"},"cs":{"language":"cs","value":"ned\u011bdi\u010dn\u00e9 osobn\u00ed jm\u00e9no rozli\u0161uj\u00edc\u00ed osoby ze stejn\u00e9 rodiny (k\u0159estn\u00ed jm\u00e9no)"}},"aliases":{},"claims":{"P5":[{"mainsnak":{"snaktype":"value","property":"P5","hash":"26d283be7e58eab1e86213b96bea1feac66c09b2","datavalue":{"value":"P735","type":"string"},"datatype":"string"},"type":"statement","id":"P17$666CFABA-4C2B-447D-A68A-E8843B6C089F","rank":"normal"}]}}},"success":1}

мёртвая персона

halott személy

humain décédé

egy ember aki már nem él

личное имя

собствено име

utónév

priekšvārds

krstné meno

prénom

imię

rodné jméno

первое имя персоны

a család tagjainak egymástól való megkülönböztetésére szolgáló név

personas vārds

nom individuel d'une personne ; les valeurs utilisées avec cette propriété ne devraient pas être liées à des pages d'homonymie ni à des noms de famille

primeiro nome ou outro nome próprio desta pessoa; os valores usados ​​com a propriedade não devem vincular desambiguação nem sobrenomes

henkilön etunimi

imię lub imiona osoby [w przypadku dwóch lub więcej imion, oznacz ich kolejność przy pomocy kwalifikatora P1545]

nedědičné osobní jméno rozlišující osoby ze stejné rodiny (křestní jméno)
